 i = v - u. What is the units digit of i?
8
Let f(q) = -q**2 - q + 11. Let i be f(0). Suppose x + 2 = i. What is the units digit of x?
9
Let k = 73 - 63. What is the units digit of k?
0
Suppose 5*q - 97 = -2*k, -2*k = -q - 87 + 8. What is the units digit of k?
1
Let h be 62/4 - (-3)/(-2). Suppose -4*q = 4*k - 84, q - 13 = 2*k + h. Suppose 3*g - 2*y = -0 + 1, -5*g + q = 2*y. What is the units digit of g?
3
Let x be 3 + -1 - (-4)/2. Let y be (2 - 1)/(x/36). Let o = y + 2. What is the tens digit of o?
1
Suppose -j = -5*j - 5*g + 167, 255 = 5*j - 3*g. What is the tens digit of j?
4
Let i = 108 + -50. What is the tens digit of i?
5
Let n(l) = -2*l**3 + 5*l**2 - 3*l - 4. Let u = 5 - 2. Let b be n(u). Let k = -11 - b. What is the tens digit of k?
1
Let q(y) = y + 5. Let k be q(8). Let m = -11 + k. What is the units digit of m?
2
Suppose -2*l + 2 + 10 = -5*t, 0 = 2*t. Let a be (-2)/(-4) - 15/l. Let g = a - -4. What is the units digit of g?
2
Let f(x) = -x**2 + 12*x + 15. Let b be f(13). Let w = b + 34. What is the tens digit of w?
3
What is the tens digit of (-4)/6*2352/(-32)?
4
Let x(d) = -d**2 - 5*d + 5. Let i be x(4). What is the units digit of i/(-4) - (-3)/(-4)?
7
Suppose -4*k + 0 + 4 = 0. What is the units digit of k?
1
Let h = 14 - 10. Let q be 6/(1 - (-2)/h). Suppose s + 5 = -5*b + 39, q*b - 31 = 3*s. What is the units digit of b?
7
Let k = -8 + 14. What is the tens digit of ((-27)/k)/(9/(-24))?
1
Suppose 0 = 5*u + 3 + 7. Let k be 36 - -2 - (-2 - u). Suppose 9 = -3*b, -5*h + 7 + k = -5*b. What is the units digit of h?
6
Let y(c) = 20*c - 42. What is the units digit of y(11)?
8
Let q be 2 - -18 - (0 - -1). Let h(t) = t**3 + 20*t**2 + 37*t + 20. Let s be h(-18). Suppose q = s*d - 3. What is the units digit of d?
1
Let v(z) = z + 3. Let g be v(0). Suppose d - 4*m + 68 = 5*d, g*d + 2*m - 53 = 0. What is the units digit of d?
9
Suppose -13 = n - 37. What is the tens digit of n?
2
Suppose 2*m = -2*m + 128. Suppose -m = -f - 5*z, -f - 2*f + 3*z = -6. What is the units digit of f?
7
Let v(i) = i + 1. What is the units digit of v(7)?
8
Let b be 2/1 - (-4 + 6). Suppose b*a + 30 = 5*a. What is the units digit of a?
6
Suppose 12*u - 760 = 7*u. What is the units digit of u?
2
Let t = 41 + -13. What is the units digit of t?
8
Let x be (-2)/9 + (-472)/(-18). Let b = -10 + x. What is the units digit of b?
6
Let j = 5 - 5. Suppose 2*t + 2*f = 3*t - 71, -t + 5*f + 74 = j. Suppose 30 = 3*x - b, -4*b + t - 13 = 4*x. What is the tens digit of x?
1
Let r = 4 - 4. Suppose -a = -5*j + 17, r = -5*a + j + 11. What is the units digit of a?
3
Let g(m) be the third derivative of -m**4/24 + 2*m**2. What is the units digit of g(-9)?
9
Let y be 30/21 + 6/(-14). Suppose -8 + 28 = -4*c. Let l = y - c. What is the units digit of l?
6
Let c be (-3 - -5)/(-3 - -2). Let z be (-1 - c) + (-2)/(-1). Suppose 4*r + r + 3*v + 7 = 0, -v = r + z. What is the units digit of r?
1
Suppose 64 + 11 = a. What is the units digit of a?
5
Let l = 4 - 4. Suppose -12 = -l*t - 3*t. What is the units digit of t?
4
Suppose -293 = -3*x + 7. What is the hundreds digit of x?
1
Let b = -18 + 16. Let q = 11 + b. What is the units digit of q?
9
Suppose 0 = 4*v + 5*j - 645, -v + 2*v - 170 = -3*j. What is the hundreds digit of v?
1
Suppose -y - 180 = -5*y. Let a = y - 26. What is the tens digit of a?
1
Suppose s + 2*p = 162, 5*s - 348 - 527 = 3*p. What is the hundreds digit of s?
1
Let l(s) = s**2 - 8*s - 29. What is the tens digit of l(17)?
2
Let v(t) = t + 18. Let m = -4 - -4. Let f be v(m). Suppose 3*k = 6 + f. What is the units digit of k?
8
Suppose 188 = 4*i - 0*i. What is the units digit of i?
7
Suppose 5*f = 5*o - o, -4*f - 4*o = 0. Suppose f*v = 3*v. Suppose 4*p = 3*j + 5, v = -7*p + 2*p + 5*j. What is the units digit of p?
5
Let p(i) = -i**3 + 51. What is the units digit of p(0)?
1
Suppose 0 = -j + 3*j. Suppose 3*i - i + 66 = j. Let t = -17 - i. What is the tens digit of t?
1
What is the units digit of ((-10)/2 - -13)*8?
4
Let u(f) = -53*f - 4. Let o be u(3). What is the units digit of 2/5 + o/(-5)?
3
Suppose -7*n + n = -492. What is the tens digit of n?
8
Let z(h) = h**3 + 10*h**2 + 6*h. Let b(l) = 3*l + 3. Let s be b(-4). What is the units digit of z(s)?
7
Suppose 4*c - 8*c = -32. What is the units digit of c?
8
Let y = -636 - -894. What is the units digit of y?
8
Suppose p + 0 = -3, 3*p + 14 = -5*f. Suppose -3*a = -7*a. Let l = a - f. What is the units digit of l?
1
Suppose -3*k + 87 = 2*u + 9, 4*k = 4*u + 104. Suppose k - 1 = 5*b. What is the units digit of b?
5
Let i(b) = 9*b - 3. What is the tens digit of i(3)?
2
Suppose -2*a - 45 = -5*a. Suppose 11*p = 9*p - 18. Let h = a + p. What is the units digit of h?
6
Let o = 256 - 138. What is the hundreds digit of o?
1
Suppose 3*p - 8 = 1. Suppose p*u - 52 = 4*g + 52, 0 = 4*u - 3*g - 127. What is the tens digit of u?
2
Let q(h) = 2*h**2 + 2*h - 1. Let s = 1 + 0. Let o be q(s). What is the units digit of (8 + -3)*(o + -2)?
5
Let o(j) = -j**3 - 8*j**2 - 7*j + 2. Let z be o(-7). Suppose -4*k + 5*t + 32 = 0, z*k + 4 = -t + 20. What is the units digit of k?
8
What is the tens digit of 30 - (9/(-3) - -3)?
3
Let p = 210 - 118. What is the tens digit of p?
9
What is the tens digit of ((-42)/(-1))/(2 - 1)?
4
Suppose -3*n + n + 348 = 0. What is the tens digit of n?
7
Let k be (1 - -6)*(-12)/14. What is the tens digit of (8/(-1))/(k/21)?
2
Suppose 2*k = -2*t + 20, 48 = 4*k + 3*t + 10. What is the units digit of k?
8
Let w(f) = 38*f**3 + f**2 + f - 1. What is the units digit of w(1)?
9
Let y(t) = t**2 - 2*t + 5. Let d be y(-5). What is the units digit of ((-16)/d)/((-1)/75)?
0
Suppose -20*a + 6403 = 2043. What is the tens digit of a?
1
Let p = 39 + -27. Let a(w) = 3*w**2 - 4 - p*w**2 + 10*w + w**3 - w**2. What is the units digit of a(9)?
5
Suppose 5 = -r, -4*h = -2*h - 4*r - 72. What is the tens digit of h?
2
Let m be -1*-1*(-2)/(-1). Suppose -2*u = -3*t - 63, 0*u - m*u - t + 59 = 0. Suppose 2*h - u = -0*h - 2*l, -h = 2*l - 20. What is the units digit of h?
0
Let c = 5 + -10. Let b be (0 - -1) + 6*1. Let v = b + c. What is the units digit of v?
2
Let a(l) = l**2 + 2*l - 3. Let r be a(-4). Let k(g) = -r*g**3 + 6*g**3 + 2 - 3*g**2 - 3 + 3*g. What is the units digit of k(2)?
1
Let u(i) = i**2 + 2*i - 4. Let t be u(-8). Suppose 2*k - t = -2*x, -k + 4*x + 56 = 3*k. What is the units digit of k?
8
Suppose a - 13 = 2*s, 4*a - 129 = -4*s - 29. Suppose k = -p + a + 8, -k + 29 = 2*p. Let j = -12 + k. What is the units digit of j?
7
Let s(f) = -6*f**2 - 1 + 2*f**3 - 3*f**2 - 3*f**3 - f - 4. What is the units digit of s(-9)?
4
Let x(c) = 5*c**2 + 2*c + 2. Let y be x(-3). Suppose -4*d = b - 72, y - 2 = 3*d - 3*b. What is the units digit of d?
7
Let b = -2 + 2. Suppose b = 3*q - 26 - 28. What is the units digit of q?
8
Suppose 2 = -4*j + 30. Suppose -3 = -x - 1. Suppose j = -x*i + 19. What is the units digit of i?
6
Suppose 3*k + 4*j - 44 = -2*k, -2*k + 2*j + 32 = 0. What is the units digit of (-10)/(-3)*18/k?
5
Let i be ((-3)/(9/24))/(-2). Let s be (-4)/(-6) + i/(-6). Suppose s*g = -g + 4. What is the units digit of g?
4
Suppose -4*l - 5*n = -309, 3*l + 0*l = -5*n + 238. What is the tens digit of l?
7
Let z(a) = -3*a**2 - 23*a + 26. Let d(w) = 4*w**2 + 35*w - 39. Let b(j) = 5*d(j) + 7*z(j). Let o(c) = -c + 2. Let i be o(-9). What is the tens digit of b(i)?
2
Let c = 8 + -5. What is the units digit of c?
3
Let d = 6 - 3. Suppose -g - d*g + 152 = 0. What is the tens digit of g?
3
What is the units digit of ((-4)/(-10))/(5/525)?
2
Let j be ((-6)/(-8))/((-1)/(-40)). Let r = j + -19. What is the tens digit of r?
1
Suppose -5*n = -9*n + 744. What is the tens digit of n?
8
Suppose -4*w + 16 = -5*w. Let g = 33 + w. What is the units digit of g?
7
Let p = -13 - -15. Suppose 10 - 49 = -3*m - p*t, 0 = 4*t - 12. What is the tens digit of m?
1
Suppose 3*k - 3*n + 111 = 6*k, -k = -n - 47. What is the units digit of k?
2
Let j(t) be the third derivative of 1/24*t**4 - 4*t**2 + 0*t + 1/3*t**3 + 0. What is the units digit of j(7)?
9
Let h be 2 - (-1 + 1 + 0). Let a(v) = 6*v + 2*v - 1 + 0*v**h - v**2 + 0*v. What is the tens digit of a(6)?
1
Let b(a) = -25*a - 3. What is the tens digit of b(-2)?
4
Let v = -25 + 50. What is the units digit of v?
5
Let s = -23 + 72. What is the tens digit of 